factor of 136054?
False
Is 6 a factor of 1074688?
False
Is 5213815 a multiple of 52?
False
Is 548 a factor of 56444?
True
Does 61 divide 120006?
False
Is 16 a factor of 4277952?
True
Does 19 divide 312018?
True
Is 6488337 a multiple of 1213?
True
Does 294 divide 863478?
True
Does 34 divide 3368694?
False
Is 147189 a multiple of 129?
True
Does 381 divide 3225927?
True
Does 40 divide 3533929?
False
Is 2496233 a multiple of 29?
True
Is 166 a factor of 165336?
True
Is 66559 a multiple of 5?
False
Is 182142 a multiple of 200?
False
Does 16 divide 7328586?
False
Does 13 divide 169854?
False
Is 7 a factor of 40108?
False
Does 46 divide 1227818?
False
Is 10958070 a multiple of 615?
True
Is 707700 a multiple of 105?
True
Is 1970788 a multiple of 164?
True
Does 116 divide 195451?
False
Is 26 a factor of 237905?
False
Is 48443 a multiple of 9?
False
Is 9 a factor of 24996?
False
Does 41 divide 2184300?
False
Is 4186842 a multiple of 11?
True
Is 49 a factor of 2125571?
True
Is 15959437 a multiple of 13?
True
Does 12 divide 240792?
True
Does 303 divide 2865774?
True
Is 703 a factor of 1271727?
True
Is 106 a factor of 3308500?
False
Is 30 a factor of 91062?
False
Does 912 divide 5903376?
True
Is 50 a factor of 2814300?
True
Is 66094 a multiple of 7?
True
Is 3392475 a multiple of 37?
False
Is 20 a factor of 1350?
False
Is 7 a factor of 107134?
False
Does 21 divide 41643?
True
Does 123 divide 623156?
False
Does 467 divide 8229121?
False
Does 112 divide 4141219?
False
Does 2 divide 133452?
True
Does 201 divide 35182?
False
Does 119 divide 118524?
True
Is 12 a factor of 131505?
False
Does 13 divide 11898537?
False
Does 12 divide 924361?
False
Is 332 a factor of 69388?
True
Is 1528724 a multiple of 151?
True
Does 2 divide 25616?
True
Is 1881004 a multiple of 489?
False
Does 874 divide 1029572?
True
Is 4881903 a multiple of 6?
False
Is 2 a factor of 188084?
True
Does 268 divide 1004053?
False
Does 186 divide 174663?
False
Is 54 a factor of 3666330?
True
Does 96 divide 1824?
True
Is 8279210 a multiple of 290?
True
Does 21 divide 6414429?
True
Is 388374 a multiple of 18?
False
Is 803584 a multiple of 258?
False
Is 150 a factor of 2011977?
False
Does 98 divide 95313?
False
Does 12 divide 66105?
False
Is 1108010 a multiple of 4?
False
Is 2325 a factor of 22717575?
True
Is 60606 a multiple of 21?
True
Does 366 divide 601301?
False
Is 101109 a multiple of 130?
False
Is 495696 a multiple of 24?
True
Is 122116 a multiple of 4?
True
Is 105 a factor of 1975088?
False
Is 9448335 a multiple of 93?
True
Is 132821 a multiple of 221?
True
Does 10 divide 126990?
True
Does 27 divide 44253?
True
Is 7924384 a multiple of 13?
True
Is 3 a factor of 912?
True
Does 19 divide 4848964?
False
Is 131082 a multiple of 1031?
False
Does 14 divide 508397?
False
Is 36 a factor of 178560?
True
Is 47 a factor of 40279?
True
Is 100 a factor of 760200?
True
Is 793460 a multiple of 2?
True
Is 4803949 a multiple of 1200?
False
Is 79590 a multiple of 5?
True
Does 64 divide 35008?
True
Is 6 a factor of 124482?
True
Is 44022 a multiple of 319?
True
Is 59937 even?
False
Is 19496555 a multiple of 117?
False
Is 26 a factor of 14253772?
True
Does 423 divide 633352?
False
Does 20 divide 2774600?
True
Is 7 a factor of 5988710?
True
Is 12 a factor of 2084160?
True
Does 47 divide 8586635?
False
Is 390 a factor of 149370?
True
Is 78 a factor of 3233100?
True
Is 14771 a multiple of 38?
False
Is 124 a factor of 631408?
True
Is 5767500 a multiple of 375?
True
Does 377 divide 368706?
True
Is 68894 a multiple of 518?
True
Does 3 divide 13722?
True
Does 1788 divide 33181704?
True
Is 10 a factor of 167970?
True
Is 3875012 a multiple of 34?
False
Is 11 a factor of 1468900?
False
Is 150 a factor of 4933425?
False
Does 20 divide 213546?
False
Does 29 divide 9351862?
True
Is 423305 a multiple of 2?
False
Is 11 a factor of 447018?
True
Is 460 a multiple of 5?
True
Is 243 a factor of 209709?
True
Does 400 divide 1936000?
True
Is 36 a factor of 19227420?
True
Does 893 divide 4905249?
True
Is 1031667 a multiple of 91?
True
Is 4634405 a multiple of 9?
False
Is 18259218 a multiple of 113?
True
Does 14 divide 133281?
False
Is 896855 a multiple of 115?
False
Does 103 divide 93681?
False
Is 4 a factor of 186476?
True
Is 26 a factor of 5113127?
False
Is 71 a factor of 121368?
False
Is 1301843 a multiple of 45?
False
Is 20 a factor of 1961764?
False
Is 7115643 a multiple of 28?
False
Is 6894448 a multiple of 473?
True
Is 10 a factor of 4711396?
False
Is 30400 a multiple of 100?
True
Does 26 divide 52598?
True
Is 6 a factor of 29377?
False
Is 101 a factor of 483891?
True
Is 11124715 a multiple of 49?
True
Is 266360 a multiple of 20?
True
Is 11 a factor of 5043566?
True
Is 266404 a multiple of 545?
False
Does 121 divide 5770576?
False
Is 267256 a multiple of 8?
True
Is 23 a factor of 48459?
False
Is 6 a factor of 2111339?
False
Is 181 a factor of 822283?
True
Does 27 divide 9719751?
False
Is 57 a factor of 1029709?
False
Is 251634 a multiple of 9?
False
Does 6 divide 27324?
True
Is 345878 a multiple of 502?
True
Does 4 divide 5437557?
False
Is 4844880 a multiple of 8?
True
Is 626 a factor of 4602978?
True
Is 55 a factor of 236648?
False
Is 5 a factor of 1044088?
False
Is 129875 a multiple of 267?
False
Is 20 a factor of 4351160?
True
Is 8 a factor of 253064?
True
Is 10 a factor of 23680?
True
Does 72 divide 119618?
False
Does 24 divide 1280099?
False
Is 1951264 a multiple of 112?
True
Is 11 a factor of 4799960?
True
Is 538 a factor of 1424086?
True
Does 3 divide 1695?
True
Does 988 divide 2546733?
False
Does 55 divide 42702?
False
Does 771 divide 1516984?
False
Is 16 a factor of 90749?
False
Does 28 divide 168241?
False
Is 51 a factor of 22882?
False
Is 10949320 a multiple of 114?
False
Is 9616142 a multiple of 8?
False
Is 1665 a factor of 4943385?
True
Is 5 a factor of 22416?
False
Does 57 divide 2762049?
True
Is 7 a factor of 143199?
True
Does 56 divide 110332?
False
Is 67 a factor of 68924?
False
Does 572 divide 259963?
False
Does 12 divide 119208?
True
Does 16 divide 135279?
False
Does 616 divide 9910824?
True
Is 470995 a multiple of 35?
True
Does 606 divide 1399136?
False
Does 100 divide 260200?
True
Does 983 divide 13344626?
False
Does 12 divide 112192?
False
Is 22058 a multiple of 82?
True
Is 896854 a multiple of 225?
False
Is 182005 a multiple of 56?
False
Does 1767 divide 2568974?
False
Is 206 a factor of 436926?
True
Does 49 divide 202223?
True
Is 22 a factor of 1336699?
False
Does 412 divide 4107228?
True
Does 8 divide 197729?
False
Is 52 a factor of 105666?
False
Does 1005 divide 349740?
True
Is 347701 a multiple of 364?
False
Is 168850 a multiple of 25?
True
Is 180516 a multiple of 81?
False
Does 8 divide 530008?
True
Does 66 divide 213972?
True
Is 2489808 a multiple of 49?
False
Is 25 a factor of 71250?
True
Is 4 a factor of 369666?
False
Does 51 divide 24670026?
True
Is 46 a factor of 2192274?
False
Is 6365332 a multiple of 43?
False
Does 3 divide 211012?
False
Is 12152196 a multiple of 63?
True
Is 4399015 a multiple of 16?
False
Is 1026 a factor of 1551312?
True
Does 7 divide 76524?
True
Does 121 divide 23088?
False
Is 195 a factor of 14040?
True
Is 498364 a multiple of 329?
False
Is 3893741 a multiple of 655?
False
Is 44 a factor of 199846?
False
Is 4063788 a multiple of 14?
False
Is 16618 a multiple of 14?
True
Does 123 divide 269590?
False
Is 14622020 a multiple of 1752?
False
Does 35 divide 199639?
False
Is 10 a factor of 276558?
False
Is 291200 a multiple of 364?
True
Is 7500609 a multiple of 168?
False
Is 7625880 a multiple of 18?
True
Is 14880 a multiple of 6?
True
Is 583916 a multiple of 68?
True
Does 74 divide 169534?
True
Is 465283 a multiple of 7?
True
Is 5163138 a multiple of 1077?
True
Does 852 divide 6671514?
False
Is 16997 a multiple of 210?
False
Does 258 divide 221622?
True
Does 321 divide 4494?
True
Is 91 a factor of 93408?
False
Does 69 divide 984041?
False
Is 28206400 a multiple of 1952?
True
Is 53 a factor of 131130?
False
Is 1184 a factor of 3447808?
True
Does 397 divide 3328845?
True
Does 61 divide 1304874?
False
Is 53 a factor of 5385754?
True
Is 21 a factor of 150228?
False
Is 54 a factor of 175718?
False
Does 105 divide 2585130?
False
Is 19 a factor of 2033114?
True
Does 140 divide 1230698